{"id":552,"date":"2013-04-07T12:34:57","date_gmt":"2013-04-07T10:34:57","guid":{"rendered":"http:\/\/teuwissen.ch\/radiofamilie\/?page_id=552"},"modified":"2013-04-07T12:34:57","modified_gmt":"2013-04-07T10:34:57","slug":"bisher-nicht-beachtet","status":"publish","type":"page","link":"https:\/\/teuwissen.ch\/radiofamilie\/?page_id=552","title":{"rendered":"bisher nicht beachtet"},"content":{"rendered":"<p>Es ist bisher nicht beachtet worden, dass das etymologisch unklare Lexem lat. radius m., Strahl, Glanz&#8217; (Enn., Plaut.+; j\u00fcnger , Stab, Speiche; Weberschiffchen&#8217;) &lt; *rad&lt;sup&gt;h&lt;\/sup&gt;-\u03b9\u032do-, der Strahlende, Gl\u00e4nzende&#8217; (vgl. zur Bildung lat. Nom. propr. Salii [Bezeichnung der Angeh\u00f6rigen einer Tanzpriesterschaft], eig., T\u00e4nzer, Springer&#8217;, &lt; *sal-\u03b9\u032do- ,T\u00e4nzer, Springer&#8217;) mit den ihrerseits etymologisch bisher nicht befriedigend gedeuteten germanischen Bildungen aisl. r\u01eb\u00f0dull m. a-St. Strahlenkranz, Sonne&#8217; &lt; urgerm. *ra\u0111ula- &lt; *rad&lt;sup&gt;h&lt;\/sup&gt;u-lo- ,der mit Strahlen Versehene&#8217; und mit ae. (angl.?) rador m. a-St. ,\u00c4ther, (heller, strahlender) Himmel&#8217;, as. radur m. a-St. , ds.&#8217; &lt; urgerm. *ra\u0111ura- &lt; *rad&lt;sup&gt;h&lt;\/sup&gt;u-ro- ,der mit Strahlen\/Glanz&#8217; Versehene&#8217; unter einer gemeinsamen urindogermanischen Verbalwurzel *rad&lt;sup&gt;h&lt;\/sup&gt;- ,strahlen, gl\u00e4nzen&#8217; mit grundstufigem a vereinigt werden kann. Der als Derivationsbasis von den exozentrischen germanischen Possessivbildungen vorausgesetzte u-Stamm *rad&lt;sup&gt;h&lt;\/sup&gt;u-geh\u00f6rt als schwacher Stamm zu einem \u0113\/\u00e9- akrostatischen Paradigma *r\u0101\u0301\u0101\u0301d&lt;sup&gt;h&lt;\/sup&gt;u-l *r\u00e1d&lt;sup&gt;h&lt;\/sup&gt;u- ,Strahl, Glanz&#8217;. Von dem starken Stamm *r\u0101\u0301\u0101\u0301d&lt;sup&gt;h&lt;\/sup&gt; u-ist als internes Derivat ai. r\u0101d&lt;sup&gt;h&lt;\/sup&gt;\u00fa- m. (AV.+), der Name eines D\u00e4mons, der Sonne und Mond verschlingt und dadurch Sonnen-und Mondfinsternis bewirkt, &lt; *r\u0101d&lt;sup&gt;h&lt;\/sup&gt;\u00fa- m. ,der mit dem Glanz (sc. von Sonne und Mond) Versehene&#8217; (vgl. zur Bildung ai. \u0101y\u00fa- Adj. ,lebenskr\u00e4ftig, lebensvoll&#8217;, m. ,Mensch&#8217; &lt; *h\u2082o\u03b9\u032d\u00fa- ,mit Lebenskraft versehen&#8217; : ai. \u0101yu- n. ,Lebenskraft, Leben&#8217; &lt; *h\u2082\u00f3\u03b9\u032d\u00fa- n. ,ds.&#8217;) abgeleitet. An die rekonstruierte Wurzel *rad&lt;sup&gt;h&lt;\/sup&gt;- ,strahlen, gl\u00e4nzen&#8217; k\u00f6nnen des weiteren die Flu\u00dfnamen norw. Ra\u0111und- &lt; urgerm. *ra\u0111unda- &lt; *r\u00e1d&lt;sup&gt;h&lt;\/sup&gt;-n\u0325t-o- ,der Gl\u00e4nzende&#8217; (vgl. zur Bildung lat. argentum,Silber&#8217; etc. &lt; uridg. *h\u2082arg\u0311-n\u0325t-o- ,Silber&#8217;, eig. ,das silbrigwei\u00df Gl\u00e4nzende&#8217;, und ai. v\u0101\u0301\u0101\u0301ta-m. ,Wind&#8217;, lat. ventus ,ds.&#8217; etc. &lt; uridg. *h\u2082\u1e77\u00e9hi-n\u0325t-o- m. ,Wind&#8217;, eig. ,der Wehende&#8217;) und alteurop\u00e4isch (idg.) Radantia (die heutige Rednitz) &lt; *rac&lt;sup&gt;h&lt;\/sup&gt;-n\u0325t-\u03b9\u032dah\u2082- ,die Gl\u00e4nzende&#8217; (: Nom. Sg. *rad&lt;sup&gt;h&lt;\/sup&gt;-n\u0325t-ih\u2082) etymologisch angeschlossen werden (vgl. das Nebeneinander von norw. FIN. Alfund- &lt; *(h&lt;sup&gt;1\/3&lt;\/sup&gt;)\u00e1lb&lt;sup&gt;h&lt;\/sup&gt;-n\u0325t-o- ,der wei\u00dflich Gl\u00e4nzende&#8217; und alteurop\u00e4isch (idg.) FIN. *Albantia &lt; *(h&lt;sup&gt;1\/3&lt;\/sup&gt;)\u00e1lb&lt;sup&gt;h&lt;\/sup&gt;-n\u0325t-\u03b9\u032dah\u2082- ,die wei\u00dflich Gl\u00e4nzende&#8217;). In lat. radius &lt; *rad&lt;sup&gt;h&lt;\/sup&gt;-\u03b9\u032do- liegt ein weiteres Beispiel f\u00fcr die lateinische Vertretung der Inlautsequenz uridg. *-Vd&lt;sup&gt;h&lt;\/sup&gt;\u03b9\u032dV- vor (vgl. lat. m\u00e9dius &lt; uridg. *m\u00e9d&lt;sup&gt;h&lt;\/sup&gt;\u03b9\u032do-).<\/p>\n","protected":false},"excerpt":{"rendered":"<p>Es ist bisher nicht beachtet worden, dass das etymologisch unklare Lexem lat. radius m., Strahl, Glanz&#8217; (Enn., Plaut.+; j\u00fcnger , Stab, Speiche; Weberschiffchen&#8217;) &lt; *rad&lt;sup&gt;h&lt;\/sup&gt;-\u03b9\u032do-, der Strahlende, Gl\u00e4nzende&#8217; (vgl. zur Bildung lat. Nom. propr. Salii [Bezeichnung der Angeh\u00f6rigen einer Tanzpriesterschaft], &hellip; <a href=\"https:\/\/teuwissen.ch\/radiofamilie\/?page_id=552\">Continue reading <span class=\"meta-nav\">&rarr;<\/span><\/a><\/p>\n","protected":false},"author":1,"featured_media":0,"parent":46,"menu_order":0,"comment_status":"closed","ping_status":"closed","template":"","meta":{"footnotes":""},"class_list":["post-552","page","type-page","status-publish","hentry"],"_links":{"self":[{"href":"https:\/\/teuwissen.ch\/radiofamilie\/index.php?rest_route=\/wp\/v2\/pages\/552","targetHints":{"allow":["GET"]}}],"collection":[{"href":"https:\/\/teuwissen.ch\/radiofamilie\/index.php?rest_route=\/wp\/v2\/pages"}],"about":[{"href":"https:\/\/teuwissen.ch\/radiofamilie\/index.php?rest_route=\/wp\/v2\/types\/page"}],"author":[{"embeddable":true,"href":"https:\/\/teuwissen.ch\/radiofamilie\/index.php?rest_route=\/wp\/v2\/users\/1"}],"replies":[{"embeddable":true,"href":"https:\/\/teuwissen.ch\/radiofamilie\/index.php?rest_route=%2Fwp%2Fv2%2Fcomments&post=552"}],"version-history":[{"count":1,"href":"https:\/\/teuwissen.ch\/radiofamilie\/index.php?rest_route=\/wp\/v2\/pages\/552\/revisions"}],"predecessor-version":[{"id":553,"href":"https:\/\/teuwissen.ch\/radiofamilie\/index.php?rest_route=\/wp\/v2\/pages\/552\/revisions\/553"}],"up":[{"embeddable":true,"href":"https:\/\/teuwissen.ch\/radiofamilie\/index.php?rest_route=\/wp\/v2\/pages\/46"}],"wp:attachment":[{"href":"https:\/\/teuwissen.ch\/radiofamilie\/index.php?rest_route=%2Fwp%2Fv2%2Fmedia&parent=552"}],"curies":[{"name":"wp","href":"https:\/\/api.w.org\/{rel}","templated":true}]}}

<p>Es ist bisher nicht beachtet worden, dass das etymologisch unklare Lexem lat. radius m., Strahl, Glanz&#8217; (Enn., Plaut.+; jünger , Stab, Speiche; Weberschiffchen&#8217;) &lt; *rad&lt;sup&gt;h&lt;/sup&gt;-ι̭o-, der Strahlende, Glänzende&#8217; (vgl. zur Bildung lat. Nom. propr. Salii [Bezeichnung der Angehörigen einer Tanzpriesterschaft], eig., Tänzer, Springer&#8217;, &lt; *sal-ι̭o- ,Tänzer, Springer&#8217;) mit den ihrerseits etymologisch bisher nicht befriedigend gedeuteten germanischen Bildungen aisl. rǫðdull m. a-St. Strahlenkranz, Sonne&#8217; &lt; urgerm. *rađula- &lt; *rad&lt;sup&gt;h&lt;/sup&gt;u-lo- ,der mit Strahlen Versehene&#8217; und mit ae. (angl.?) rador m. a-St. ,Äther, (heller, strahlender) Himmel&#8217;, as. radur m. a-St. , ds.&#8217; &lt; urgerm. *rađura- &lt; *rad&lt;sup&gt;h&lt;/sup&gt;u-ro- ,der mit Strahlen/Glanz&#8217; Versehene&#8217; unter einer gemeinsamen urindogermanischen Verbalwurzel *rad&lt;sup&gt;h&lt;/sup&gt;- ,strahlen, glänzen&#8217; mit grundstufigem a vereinigt werden kann. Der als Derivationsbasis von den exozentrischen germanischen Possessivbildungen vorausgesetzte u-Stamm *rad&lt;sup&gt;h&lt;/sup&gt;u-gehört als schwacher Stamm zu einem ē/é- akrostatischen Paradigma *rā́ā́d&lt;sup&gt;h&lt;/sup&gt;u-l *rád&lt;sup&gt;h&lt;/sup&gt;u- ,Strahl, Glanz&#8217;. Von dem starken Stamm *rā́ā́d&lt;sup&gt;h&lt;/sup&gt; u-ist als internes Derivat ai. rād&lt;sup&gt;h&lt;/sup&gt;ú- m. (AV.+), der Name eines Dämons, der Sonne und Mond verschlingt und dadurch Sonnen-und Mondfinsternis bewirkt, &lt; *rād&lt;sup&gt;h&lt;/sup&gt;ú- m. ,der mit dem Glanz (sc. von Sonne und Mond) Versehene&#8217; (vgl. zur Bildung ai. āyú- Adj. ,lebenskräftig, lebensvoll&#8217;, m. ,Mensch&#8217; &lt; *h₂oι̭ú- ,mit Lebenskraft versehen&#8217; : ai. āyu- n. ,Lebenskraft, Leben&#8217; &lt; *h₂óι̭ú- n. ,ds.&#8217;) abgeleitet. An die rekonstruierte Wurzel *rad&lt;sup&gt;h&lt;/sup&gt;- ,strahlen, glänzen&#8217; können des weiteren die Flußnamen norw. Rađund- &lt; urgerm. *rađunda- &lt; *rád&lt;sup&gt;h&lt;/sup&gt;-n̥t-o- ,der Glänzende&#8217; (vgl. zur Bildung lat. argentum,Silber&#8217; etc. &lt; uridg. *h₂arg̑-n̥t-o- ,Silber&#8217;, eig. ,das silbrigweiß Glänzende&#8217;, und ai. vā́ā́ta-m. ,Wind&#8217;, lat. ventus ,ds.&#8217; etc. &lt; uridg. *h₂ṷéhi-n̥t-o- m. ,Wind&#8217;, eig. ,der Wehende&#8217;) und alteuropäisch (idg.) Radantia (die heutige Rednitz) &lt; *rac&lt;sup&gt;h&lt;/sup&gt;-n̥t-ι̭ah₂- ,die Glänzende&#8217; (: Nom. Sg. *rad&lt;sup&gt;h&lt;/sup&gt;-n̥t-ih₂) etymologisch angeschlossen werden (vgl. das Nebeneinander von norw. FIN. Alfund- &lt; *(h&lt;sup&gt;1/3&lt;/sup&gt;)álb&lt;sup&gt;h&lt;/sup&gt;-n̥t-o- ,der weißlich Glänzende&#8217; und alteuropäisch (idg.) FIN. *Albantia &lt; *(h&lt;sup&gt;1/3&lt;/sup&gt;)álb&lt;sup&gt;h&lt;/sup&gt;-n̥t-ι̭ah₂- ,die weißlich Glänzende&#8217;). In lat. radius &lt; *rad&lt;sup&gt;h&lt;/sup&gt;-ι̭o- liegt ein weiteres Beispiel für die lateinische Vertretung der Inlautsequenz uridg. *-Vd&lt;sup&gt;h&lt;/sup&gt;ι̭V- vor (vgl. lat. médius &lt; uridg. *méd&lt;sup&gt;h&lt;/sup&gt;ι̭o-).</p>

<p>Es ist bisher nicht beachtet worden, dass das etymologisch unklare Lexem lat. radius m., Strahl, Glanz&#8217; (Enn., Plaut.+; jünger , Stab, Speiche; Weberschiffchen&#8217;) &lt; *rad&lt;sup&gt;h&lt;/sup&gt;-ι̭o-, der Strahlende, Glänzende&#8217; (vgl. zur Bildung lat. Nom. propr. Salii [Bezeichnung der Angehörigen einer Tanzpriesterschaft], &hellip; <a href="https://teuwissen.ch/radiofamilie/?page_id=552">Continue reading <span class="meta-nav">&rarr;</span></a></p>
