{"id":146,"date":"2012-10-24T16:55:50","date_gmt":"2012-10-24T14:55:50","guid":{"rendered":"http:\/\/teuwissen.ch\/radiofamilie\/?page_id=146"},"modified":"2013-04-20T17:15:37","modified_gmt":"2013-04-20T15:15:37","slug":"familiares","status":"publish","type":"page","link":"https:\/\/teuwissen.ch\/radiofamilie\/?page_id=146","title":{"rendered":"Famili\u00e4res"},"content":{"rendered":"<blockquote>\n<p style=\"text-align: left;\"><span style=\"color: #ccffff;\"><strong>Ob\u2019s sinnvoll ist oder nicht, dr\u00fcber wollen wir halt nicht entscheiden.<\/strong><\/span><\/p>\n<p style=\"text-align: right;\"><span style=\"color: #ccffff;\">Guido Floriani<\/span><\/p>\n<\/blockquote>\n<blockquote><p><span style=\"color: #ccffff;\">\u00a0<\/span><\/p>\n<p><span style=\"color: #ccffff;\"><strong>Wir sind eine Familie von, sage und schreibe, f\u00fcnf Personen.<\/strong><\/span><\/p>\n<p style=\"text-align: right;\"><span style=\"color: #ccffff;\">Vilma Floriani<\/span><\/p>\n<p><span style=\"color: #ccffff;\"><strong>Jetzt haben wir ein Geheimnis miteinander&#8230;<\/strong><\/span><\/p>\n<p style=\"text-align: right;\"><span style=\"color: #ccffff;\">Wolferl Floriani<\/span><\/p>\n<p><span style=\"color: #ccffff;\">\u00a0<\/span><\/p>\n<p><span style=\"color: #ccffff;\"><strong>Wolferl, du bist nicht normal&#8230;<\/strong><\/span><\/p>\n<p style=\"text-align: right;\"><span style=\"color: #ccffff;\">Liesl Floriani<\/span><\/p>\n<p><span style=\"color: #ccffff;\"><br \/>\n<\/span><\/p>\n<p><span style=\"color: #ccffff;\"><strong>Ich beklage mich nicht \u00fcber eure physischen Dienstleistungen sondern \u00fcber eure mangelnde innere Anteilnahme.<\/strong><\/span><\/p>\n<p style=\"text-align: right;\"><span style=\"color: #ccffff;\">Hans Floriani<\/span><\/p>\n<p style=\"text-align: left;\"><span style=\"color: #ccffff;\"><strong>Kennst du den Ort, wo sich Kuverts verstecken?<\/strong><\/span><\/p>\n<p style=\"text-align: right;\"><span style=\"color: #ccffff;\">Guido Floriani<\/span><\/p>\n<p><span style=\"color: #ccffff;\">\u00a0<\/span><\/p>\n<p><span style=\"color: #ccffff;\">\u00a0<\/span><\/p>\n<p><span style=\"color: #ccffff;\"><strong>\u00a0Das gibt\u2019s nur im Film, hab ich gedacht.<\/strong><\/span><\/p>\n<p style=\"text-align: right;\"><span style=\"color: #ccffff;\">Liesl Floriani<\/span><\/p>\n<p><span style=\"color: #ccffff;\">\u00a0<\/span><\/p>\n<p><span style=\"color: #ccffff;\"><strong>&#8230;ich hab noch nie eine wirklich gute Sachertorte selbst zusammengebracht<\/strong><\/span><\/p>\n<p style=\"text-align: right;\"><span style=\"color: #ccffff;\">Liesl Floriani<\/span><\/p>\n<p><span style=\"color: #ccffff;\">\u00a0<\/span><\/p>\n<p><span style=\"color: #ccffff;\">\u00a0<\/span><\/p>\n<p><span style=\"color: #ccffff;\">\u00a0<\/span><\/p>\n<p><span style=\"color: #ccffff;\">\u00a0<\/span><\/p>\n<p><span style=\"color: #ccffff;\"><strong>Licht oder dunkel?<\/strong><\/span><\/p>\n<p style=\"text-align: right;\"><span style=\"color: #ccffff;\">\u00a0Vilma Floriani<br \/>\n<\/span><\/p>\n<p><span style=\"color: #ccffff;\">\u00a0<\/span><\/p>\n<p><span style=\"color: #ccffff;\">\u00a0<\/span><\/p>\n<p><span style=\"color: #ccffff;\"><strong>In dieser Zeit, die am Verlust der Mitte krankt&#8230;<\/strong><\/span><\/p>\n<p style=\"text-align: right;\"><span style=\"color: #ccffff;\">Herr Dr. Panigl<\/span><\/p>\n<p><span style=\"color: #ccffff;\">\u00a0<\/span><\/p>\n<p><span style=\"color: #ccffff;\">\u00a0<\/span><\/p>\n<p><span style=\"color: #ccffff;\">\u00a0<\/span><\/p>\n<p><span style=\"color: #ccffff;\"><strong>Alle Wege sind zu Seitenwegen geworden.<\/strong><\/span><\/p>\n<p style=\"text-align: right;\"><span style=\"color: #ccffff;\">Herr Dr. Panigl<\/span><\/p>\n<p><span style=\"color: #ccffff;\">\u00a0<\/span><\/p>\n<p><span style=\"color: #ccffff;\">\u00a0<\/span><\/p>\n<p><span style=\"color: #ccffff;\"><strong> Sie wollen doch nicht behaupten, da\u00df mein Sohn \u00fcber eine sch\u00f6pferische Begabung verf\u00fcgt? <\/strong><\/span><\/p>\n<p style=\"text-align: right;\"><span style=\"color: #ccffff;\">Hans Floriani<\/span><\/p>\n<p><span style=\"color: #ccffff;\">\u00a0<\/span><\/p>\n<p><span style=\"color: #9d7f2f;\"><span style=\"color: #333333;\">#9d7f2f<\/span><strong><br \/>\n<\/strong><\/span><\/p><\/blockquote>\n","protected":false},"excerpt":{"rendered":"<p>Ob\u2019s sinnvoll ist oder nicht, dr\u00fcber wollen wir halt nicht entscheiden. Guido Floriani \u00a0 Wir sind eine Familie von, sage und schreibe, f\u00fcnf Personen. Vilma Floriani Jetzt haben wir ein Geheimnis miteinander&#8230; Wolferl Floriani \u00a0 Wolferl, du bist nicht normal&#8230; &hellip; <a href=\"https:\/\/teuwissen.ch\/radiofamilie\/?page_id=146\">Continue reading <span class=\"meta-nav\">&rarr;<\/span><\/a><\/p>\n","protected":false},"author":1,"featured_media":0,"parent":0,"menu_order":2,"comment_status":"closed","ping_status":"closed","template":"","meta":{"footnotes":""},"class_list":["post-146","page","type-page","status-publish","hentry"],"_links":{"self":[{"href":"https:\/\/teuwissen.ch\/radiofamilie\/index.php?rest_route=\/wp\/v2\/pages\/146","targetHints":{"allow":["GET"]}}],"collection":[{"href":"https:\/\/teuwissen.ch\/radiofamilie\/index.php?rest_route=\/wp\/v2\/pages"}],"about":[{"href":"https:\/\/teuwissen.ch\/radiofamilie\/index.php?rest_route=\/wp\/v2\/types\/page"}],"author":[{"embeddable":true,"href":"https:\/\/teuwissen.ch\/radiofamilie\/index.php?rest_route=\/wp\/v2\/users\/1"}],"replies":[{"embeddable":true,"href":"https:\/\/teuwissen.ch\/radiofamilie\/index.php?rest_route=%2Fwp%2Fv2%2Fcomments&post=146"}],"version-history":[{"count":27,"href":"https:\/\/teuwissen.ch\/radiofamilie\/index.php?rest_route=\/wp\/v2\/pages\/146\/revisions"}],"predecessor-version":[{"id":148,"href":"https:\/\/teuwissen.ch\/radiofamilie\/index.php?rest_route=\/wp\/v2\/pages\/146\/revisions\/148"}],"wp:attachment":[{"href":"https:\/\/teuwissen.ch\/radiofamilie\/index.php?rest_route=%2Fwp%2Fv2%2Fmedia&parent=146"}],"curies":[{"name":"wp","href":"https:\/\/api.w.org\/{rel}","templated":true}]}}

Familiäres

<blockquote>
<p style="text-align: left;"><span style="color: #ccffff;"><strong>Ob’s sinnvoll ist oder nicht, drüber wollen wir halt nicht entscheiden.</strong></span></p>
<p style="text-align: right;"><span style="color: #ccffff;">Guido Floriani</span></p>
</blockquote>
<blockquote><p><span style="color: #ccffff;"> </span></p>
<p><span style="color: #ccffff;"><strong>Wir sind eine Familie von, sage und schreibe, fünf Personen.</strong></span></p>
<p style="text-align: right;"><span style="color: #ccffff;">Vilma Floriani</span></p>
<p><span style="color: #ccffff;"><strong>Jetzt haben wir ein Geheimnis miteinander&#8230;</strong></span></p>
<p style="text-align: right;"><span style="color: #ccffff;">Wolferl Floriani</span></p>
<p><span style="color: #ccffff;"> </span></p>
<p><span style="color: #ccffff;"><strong>Wolferl, du bist nicht normal&#8230;</strong></span></p>
<p style="text-align: right;"><span style="color: #ccffff;">Liesl Floriani</span></p>
<p><span style="color: #ccffff;"><br />
</span></p>
<p><span style="color: #ccffff;"><strong>Ich beklage mich nicht über eure physischen Dienstleistungen sondern über eure mangelnde innere Anteilnahme.</strong></span></p>
<p style="text-align: right;"><span style="color: #ccffff;">Hans Floriani</span></p>
<p style="text-align: left;"><span style="color: #ccffff;"><strong>Kennst du den Ort, wo sich Kuverts verstecken?</strong></span></p>
<p style="text-align: right;"><span style="color: #ccffff;">Guido Floriani</span></p>
<p><span style="color: #ccffff;"> </span></p>
<p><span style="color: #ccffff;"> </span></p>
<p><span style="color: #ccffff;"><strong> Das gibt’s nur im Film, hab ich gedacht.</strong></span></p>
<p style="text-align: right;"><span style="color: #ccffff;">Liesl Floriani</span></p>
<p><span style="color: #ccffff;"> </span></p>
<p><span style="color: #ccffff;"><strong>&#8230;ich hab noch nie eine wirklich gute Sachertorte selbst zusammengebracht</strong></span></p>
<p style="text-align: right;"><span style="color: #ccffff;">Liesl Floriani</span></p>
<p><span style="color: #ccffff;"> </span></p>
<p><span style="color: #ccffff;"> </span></p>
<p><span style="color: #ccffff;"> </span></p>
<p><span style="color: #ccffff;"> </span></p>
<p><span style="color: #ccffff;"><strong>Licht oder dunkel?</strong></span></p>
<p style="text-align: right;"><span style="color: #ccffff;"> Vilma Floriani<br />
</span></p>
<p><span style="color: #ccffff;"> </span></p>
<p><span style="color: #ccffff;"> </span></p>
<p><span style="color: #ccffff;"><strong>In dieser Zeit, die am Verlust der Mitte krankt&#8230;</strong></span></p>
<p style="text-align: right;"><span style="color: #ccffff;">Herr Dr. Panigl</span></p>
<p><span style="color: #ccffff;"> </span></p>
<p><span style="color: #ccffff;"> </span></p>
<p><span style="color: #ccffff;"> </span></p>
<p><span style="color: #ccffff;"><strong>Alle Wege sind zu Seitenwegen geworden.</strong></span></p>
<p style="text-align: right;"><span style="color: #ccffff;">Herr Dr. Panigl</span></p>
<p><span style="color: #ccffff;"> </span></p>
<p><span style="color: #ccffff;"> </span></p>
<p><span style="color: #ccffff;"><strong> Sie wollen doch nicht behaupten, daß mein Sohn über eine schöpferische Begabung verfügt? </strong></span></p>
<p style="text-align: right;"><span style="color: #ccffff;">Hans Floriani</span></p>
<p><span style="color: #ccffff;"> </span></p>
<p><span style="color: #9d7f2f;"><span style="color: #333333;">#9d7f2f</span><strong><br />
</strong></span></p></blockquote>

<p>Ob’s sinnvoll ist oder nicht, drüber wollen wir halt nicht entscheiden. Guido Floriani   Wir sind eine Familie von, sage und schreibe, fünf Personen. Vilma Floriani Jetzt haben wir ein Geheimnis miteinander&#8230; Wolferl Floriani   Wolferl, du bist nicht normal&#8230; &hellip; <a href="https://teuwissen.ch/radiofamilie/?page_id=146">Continue reading <span class="meta-nav">&rarr;</span></a></p>
